o be ((-4)/2)/(2/11). What is the units digit of c(o)?
2
Let r = 693 - 213. What is the hundreds digit of r?
4
What is the tens digit of 2/(-3)*(11 + (-1906 - -2))?
6
Suppose 14*q + 160 = 3870. What is the tens digit of q?
6
Let i(m) = -m**3 - 7*m**2 + 8*m + 2. Let v be i(-8). Suppose -4 - 36 = -v*o. What is the units digit of o?
0
Suppose 0*a = 5*a - 15, 0 = -3*c - 4*a + 3288. What is the units digit of c?
2
Let o = -741 - -2068. What is the tens digit of o?
2
Let m(q) = q**3 - 18*q**2 - 17*q - 10. Suppose 0*u = v + u - 24, 3*v = -4*u + 77. What is the units digit of m(v)?
8
What is the hundreds digit of ((-1404)/208)/((-3)/236)?
5
What is the thousands digit of 4/(-3)*(-49104)/44?
1
Let x be 590/18 - (-18)/81. Suppose 6*g - 3*g = x. Let z(q) = -q**2 + 12*q + 10. What is the units digit of z(g)?
1
Suppose v - 4*w + 0*w = -9, -5*v + 3*w - 28 = 0. Let f(p) = -p**2 - 6*p - 4. Let o be f(v). Suppose -3*t = -o - 17. What is the units digit of t?
6
Suppose 0 = m - d - 3, -m - 4*m + 15 = 4*d. Suppose m*p + 3*q = 945, -2*p - 2*q + 618 = -4*q. What is the hundreds digit of p?
3
Suppose 4*b = t - 1797, 114*t + 5*b + 9060 = 119*t. What is the hundreds digit of t?
8
Let a be ((-78)/5)/((-35)/1400). Suppose 14*v + a = 17*v. What is the units digit of v?
8
Let f = -283 + 480. What is the units digit of f?
7
Let s be (8/20)/(4/40). Suppose s*w = -17 + 1. What is the units digit of w + 8 + 2 + -5?
1
Suppose 3*p - 14*p + 3135 = 0. Let v = p - 135. What is the hundreds digit of v?
1
Let v be (14/4)/(1/2). Let g(z) = -z**2 + 12*z - 5. Let i be g(v). Let k = i - 8. What is the tens digit of k?
2
Suppose 5*c = 3*p - 108 - 97, 5*c = -10. What is the units digit of p?
5
Let y = 1055 + 854. What is the thousands digit of y?
1
Let d(b) = 794*b**2 - 11*b + 10. What is the tens digit of d(1)?
9
Let u = 3932 - 2729. What is the tens digit of u?
0
Let m(w) = -340*w + 16. What is the hundreds digit of m(-5)?
7
Let b = -1055 - -4504. What is the tens digit of b?
4
Let k be 4/6 + (-5)/3. Suppose 176 = -a + 6*a - 2*m, 5*a - 179 = 3*m. What is the tens digit of a + (-3 - 1 - k)?
3
What is the tens digit of ((-1029)/(-42))/((-2)/(-76))?
3
Suppose -8*y - 320 = -13*y. Let r = y + -7. What is the units digit of r?
7
Let g(h) be the third derivative of 3*h**2 - 1/30*h**5 - 1/60*h**6 + 1/6*h**3 + 0 + 0*h**4 + 0*h. What is the units digit of g(-1)?
1
Let g = 117 - 113. Suppose g*f - 876 = -2*y, -f + y - 17 = -236. What is the hundreds digit of f?
2
Let v(b) = 3*b**3 + 76*b**2 - 35*b - 49. What is the hundreds digit of v(-25)?
4
Let p(z) = -z**2 - 6*z + 7. Suppose 2*a + a - 6 = 0. Suppose k = a*k + 6. What is the units digit of p(k)?
7
Let c(d) = 2*d**2 - 9*d - 4. Let o = 29 + -22. What is the tens digit of c(o)?
3
Let q(u) = u + 0*u**2 + 17 + 9*u + 4*u**2. What is the tens digit of q(-5)?
6
Suppose -2*f + 0*f - 8 = -5*m, 0 = 2*f - 2*m - 4. Let j be (f/7)/((-24)/168). Let c(q) = q**3 + 7*q**2 + q - 1. What is the tens digit of c(j)?
2
Suppose x + z - 90 = 0, -x = -2*z - 2*z - 105. Let d = x + -40. What is the tens digit of d?
5
Suppose 3*c - 276 = -5*m, -3*m + 160 = -0*m - c. What is the units digit of m?
4
What is the tens digit of 25 + -3 + -3 + 1?
2
Suppose 2*j = -19 + 5. Let q = j - -11. What is the tens digit of q + (3 - 5) - -22?
2
Let u(s) = 4*s + 5. Let k(h) = -h - 1. Let f(w) = 5*k(w) + u(w). Let c(t) = t**2 - 15*t - 16. Let j(n) = c(n) - 2*f(n). What is the units digit of j(16)?
2
What is the units digit of 126*((-93)/(-6) - 6)?
7
What is the tens digit of (-55652)/(-16) - 4 - (-15)/(-60)?
7
Suppose -5*h - 3*j + 4 = 0, 2*h + 12 = 6*h - 2*j. Suppose -h*x - 132 = -5*x. What is the units digit of x?
4
Let p(u) = 18*u**2 + 11*u + 2. What is the hundreds digit of p(-6)?
5
Let y(t) = -t**3 - 15*t**2 - 27*t - 8. Let s be y(-14). Let n = s + -122. What is the tens digit of n?
5
Suppose 2*x = 0, -3*n - 2*x + 1986 = x. Suppose 4*i = 302 + n. What is the tens digit of i?
4
Suppose 69*t + 3479 = 76*t. What is the units digit of t?
7
Let n(j) = -j**2 + j - 4. Let d be n(0). Let t be (-2)/d + (-7)/14. Suppose 5*g - 180 = -t*g. What is the tens digit of g?
3
Let z(w) = -2 + 0 + 220*w**2 - 2*w + 1 + 2. What is the tens digit of z(1)?
1
Let b be (-4 - -1*464) + 1 + 2. Let x = b + -260. What is the tens digit of x?
0
Let z be 2/18*-3 + (-22)/(-3). Suppose z*v - 820 = 405. What is the hundreds digit of v?
1
Let v = 0 + 5. Suppose -v*b - 4 = -19. What is the units digit of b?
3
What is the units digit of (-42432)/(-351) + (-2)/(-18)?
1
Let c(h) = h**2 + 20*h + 19. Suppose 32*g + 69 = 29*g. What is the tens digit of c(g)?
8
Suppose -3*z + z + 789 = -3*g, -1970 = -5*z + 5*g. Suppose 7*o = 10*o - z. What is the hundreds digit of o?
1
Suppose 0 = -21*r + 16*r - 25, -2*r + 20330 = 5*y. What is the hundreds digit of y?
0
Let i(s) be the third derivative of s**6/120 + 11*s**5/60 + 3*s**4/8 - 7*s**3/3 - 4*s**2. Let o be i(-10). Let m = 6 + o. What is the units digit of m?
2
Let d(c) = -5*c + 5*c - c + 2 + c**2. What is the units digit of d(0)?
2
Suppose 0 = -26*l + 19*l + 2114. What is the units digit of l?
2
Let f(s) = -6 - 6 + s + 0 - 1. Let y be f(15). Suppose 0 = -d + 27 - y. What is the units digit of d?
5
Let c be 16/3*6/8. Suppose -c*a + 198 = 4*b + b, 0 = -2*b + 2*a + 90. What is the units digit of b?
2
Let l(g) = -6*g**3 - 5*g**2 + 13*g + 12. Let d(z) = 5*z**3 + 5*z**2 - 13*z - 11. Let i(h) = 5*d(h) + 4*l(h). What is the units digit of i(-5)?
8
Suppose -4 = -2*q, -q + 218 = 2*i - 0*q. Let j = i + -15. What is the tens digit of j?
9
Let i = -313 - -812. What is the tens digit of i?
9
Suppose -5*x - 328 + 53 = 0. Let g = x - -123. What is the tens digit of g?
6
Let q(d) = -d**3 + 24*d**2 + 33*d - 14. What is the units digit of q(23)?
4
Suppose 15393 = 46*d - 107427. What is the thousands digit of d?
2
Suppose 2*x + 2570 = -1420. What is the hundreds digit of x/(-20) - (-1)/4?
1
Let c = -165 + 91. Let n = c - -105. What is the tens digit of n?
3
Suppose -2*p = 2*p + 24. What is the tens digit of ((-75)/p)/((-3)/(-6))?
2
What is the tens digit of (-5466)/(-16) + 6/32*2?
4
What is the units digit of (-8)/4 - (-1021 + -8)?
7
Let x(l) = 6*l**2 + 4*l + 2. Let v(n) = -2*n**2 + 3*n - 1. Let f be v(2). What is the tens digit of x(f)?
4
Suppose -6*a + a + 2596 = 3*g, -2*a = -3*g - 1030. What is the units digit of a?
8
Let k(d) = -3*d - 33. Let z be k(-12). Suppose -94 + 514 = z*c. What is the hundreds digit of c?
1
Let x(y) = -9*y + 6. Let c be x(4). Let s = -57 - c. Let a = 41 + s. What is the tens digit of a?
1
What is the units digit of (-4 - -3) + -5 - -1328?
2
Let v = 9 - 8. Suppose -9 = -4*d - v. What is the units digit of (-36)/45*(-65)/d?
6
Let d(o) = -88 - o**3 + 83 + 3*o - 11*o + 2*o**2. What is the tens digit of d(-5)?
1
Let s = 2363 + 606. What is the hundreds digit of s?
9
Let o = -50 + 92. Let c(x) = -2*x**3 + 7*x**2 + 3*x + 6. Let a be c(-3). Let t = a - o. What is the tens digit of t?
7
Suppose -66*p + 73*p = 26670. What is the thousands digit of p?
3
Let g be ((-5)/(-10))/((-1)/10). What is the units digit of (-221)/g + 32/40?
5
Let t(h) = 2*h**2 - 2*h + 132. Let f be t(0). Let y(l) = -l**2 + 4*l + 5. Let m be y(4). Suppose b + m*b - f = 0. What is the tens digit of b?
2
Let m(a) = 215*a**3 + 3*a**2 - 1. Let f(t) = t - 6. Let n be f(7). What is the units digit of m(n)?
7
Let n = -732 + 878. What is the units digit of n?
6
Let x be (-3)/3*-1 + 4. Suppose x*q - v = 333, -37 = -2*q + v + 95. What is the tens digit of q?
6
Let c(g) = 5*g - 3. Suppose -5*a + 30 = 5*l, 3*l = 4*a - 33 - 12. Suppose 0 = -4*u + u + a. What is the units digit of c(u)?
2
Suppose -5 = -2*o + 3. Suppose -4*y - 60 + 2 = -5*v, 8 = -o*y. Suppose 2*m - x - v = 0, m - 3*x = -4*m + 24. What is the units digit of m?
6
Let y(j) = -41*j - 25. Suppose 0 = 3*q - 2*u + 14 - 0, u = -4*q - 4. What is the tens digit of y(q)?
5
Let z(m) = -2*m**2 + 2*m**2 + 5*m + 4*m - m**2. Let y be z(5). Suppose -q = -0*q - y. What is the tens digit of q?
2
Suppose 2*g + 4*t = 5288, -5*g + 9*t = 12*t - 13199. What is the units digit of g?
8
Let s = -3422 - -5747. Suppose 14*f - s = -f. What is the tens digit of f?
5
What is the tens digit of 1/(-6) - (-14666)/12?
2
Let u(q) be the second derivative of q**3/3 - q**2/2 + 3*q. Let g be u(3). Sup